{"id":49,"date":"2016-09-05T19:01:15","date_gmt":"2016-09-05T19:01:15","guid":{"rendered":"http:\/\/alfarehab.hu\/alfarehabweb\/?page_id=49"},"modified":"2020-10-21T07:03:20","modified_gmt":"2020-10-21T07:03:20","slug":"tevekenysegeink","status":"publish","type":"page","link":"http:\/\/alfarehab.hu\/alfarehabweb\/tevekenysegeink\/","title":{"rendered":"Tev\u00e9kenys\u00e9geink"},"content":{"rendered":"<p style=\"text-align: center;\"><a title=\"\" href=\"http:\/\/alfarehab.hu\/alfarehabweb\/tevekenysegeink\/kisbutorgyartas\/\" target=\"\" rel=\"noopener noreferrer\"><img loading=\"lazy\" decoding=\"async\" class=\"alignnone size-medium wp-image-431\" title=\"Kisb\u00fatorgy\u00e1rt\u00e1s\" src=\"http:\/\/alfarehab.hu\/alfarehabweb\/wp-content\/uploads\/2017\/05\/fejlecek_2-300x72.png\" alt=\"\" width=\"300\" height=\"72\" srcset=\"http:\/\/alfarehab.hu\/alfarehabweb\/wp-content\/uploads\/2017\/05\/fejlecek_2-300x72.png 300w, http:\/\/alfarehab.hu\/alfarehabweb\/wp-content\/uploads\/2017\/05\/fejlecek_2-148x35.png 148w, http:\/\/alfarehab.hu\/alfarehabweb\/wp-content\/uploads\/2017\/05\/fejlecek_2-31x7.png 31w, http:\/\/alfarehab.hu\/alfarehabweb\/wp-content\/uploads\/2017\/05\/fejlecek_2-38x9.png 38w, http:\/\/alfarehab.hu\/alfarehabweb\/wp-content\/uploads\/2017\/05\/fejlecek_2-425x101.png 425w, http:\/\/alfarehab.hu\/alfarehabweb\/wp-content\/uploads\/2017\/05\/fejlecek_2.png 591w\" sizes=\"auto, (max-width: 300px) 100vw, 300px\" \/><\/a><\/p>\n<p style=\"text-align: center;\"><a title=\"\" href=\"http:\/\/alfarehab.hu\/alfarehabweb\/tevekenysegeink\/nyomda\" target=\"\" rel=\"noopener noreferrer\"><img loading=\"lazy\" decoding=\"async\" class=\"alignnone size-medium wp-image-436\" title=\"Nyomda\" src=\"http:\/\/alfarehab.hu\/alfarehabweb\/wp-content\/uploads\/2017\/05\/fejlecek_7-300x72.png\" alt=\"\" width=\"300\" height=\"72\" srcset=\"http:\/\/alfarehab.hu\/alfarehabweb\/wp-content\/uploads\/2017\/05\/fejlecek_7-300x72.png 300w, http:\/\/alfarehab.hu\/alfarehabweb\/wp-content\/uploads\/2017\/05\/fejlecek_7-148x35.png 148w, http:\/\/alfarehab.hu\/alfarehabweb\/wp-content\/uploads\/2017\/05\/fejlecek_7-31x7.png 31w, http:\/\/alfarehab.hu\/alfarehabweb\/wp-content\/uploads\/2017\/05\/fejlecek_7-38x9.png 38w, http:\/\/alfarehab.hu\/alfarehabweb\/wp-content\/uploads\/2017\/05\/fejlecek_7-425x101.png 425w, http:\/\/alfarehab.hu\/alfarehabweb\/wp-content\/uploads\/2017\/05\/fejlecek_7.png 591w\" sizes=\"auto, (max-width: 300px) 100vw, 300px\" \/><\/a><\/p>\n<p style=\"text-align: center;\"><a title=\"\" href=\"http:\/\/alfarehab.hu\/alfarehabweb\/tevekenysegeink\/csomagolo\" target=\"\" rel=\"noopener noreferrer\"><img loading=\"lazy\" decoding=\"async\" class=\"alignnone size-medium wp-image-430\" title=\"Csomagol\u00f3\" src=\"http:\/\/alfarehab.hu\/alfarehabweb\/wp-content\/uploads\/2017\/05\/fejlecek_1-300x72.png\" alt=\"\" width=\"300\" height=\"72\" srcset=\"http:\/\/alfarehab.hu\/alfarehabweb\/wp-content\/uploads\/2017\/05\/fejlecek_1-300x72.png 300w, http:\/\/alfarehab.hu\/alfarehabweb\/wp-content\/uploads\/2017\/05\/fejlecek_1-148x35.png 148w, http:\/\/alfarehab.hu\/alfarehabweb\/wp-content\/uploads\/2017\/05\/fejlecek_1-31x7.png 31w, http:\/\/alfarehab.hu\/alfarehabweb\/wp-content\/uploads\/2017\/05\/fejlecek_1-38x9.png 38w, http:\/\/alfarehab.hu\/alfarehabweb\/wp-content\/uploads\/2017\/05\/fejlecek_1-425x101.png 425w, http:\/\/alfarehab.hu\/alfarehabweb\/wp-content\/uploads\/2017\/05\/fejlecek_1.png 591w\" sizes=\"auto, (max-width: 300px) 100vw, 300px\" \/><\/a><\/p>\n<p style=\"text-align: center;\"><a title=\"\" href=\"http:\/\/alfarehab.hu\/alfarehabweb\/tevekenysegeink\/varroda\/\" target=\"\" rel=\"noopener noreferrer\"><img loading=\"lazy\" decoding=\"async\" class=\"alignnone size-medium wp-image-432\" title=\"Varroda\" src=\"http:\/\/alfarehab.hu\/alfarehabweb\/wp-content\/uploads\/2017\/05\/fejlecek_3-300x72.png\" alt=\"\" width=\"300\" height=\"72\" srcset=\"http:\/\/alfarehab.hu\/alfarehabweb\/wp-content\/uploads\/2017\/05\/fejlecek_3-300x72.png 300w, http:\/\/alfarehab.hu\/alfarehabweb\/wp-content\/uploads\/2017\/05\/fejlecek_3-148x35.png 148w, http:\/\/alfarehab.hu\/alfarehabweb\/wp-content\/uploads\/2017\/05\/fejlecek_3-31x7.png 31w, http:\/\/alfarehab.hu\/alfarehabweb\/wp-content\/uploads\/2017\/05\/fejlecek_3-38x9.png 38w, http:\/\/alfarehab.hu\/alfarehabweb\/wp-content\/uploads\/2017\/05\/fejlecek_3-425x101.png 425w, http:\/\/alfarehab.hu\/alfarehabweb\/wp-content\/uploads\/2017\/05\/fejlecek_3.png 591w\" sizes=\"auto, (max-width: 300px) 100vw, 300px\" \/><\/a><\/p>\n<p style=\"text-align: center;\"><a title=\"\" href=\"http:\/\/alfarehab.hu\/alfarehabweb\/tevekenysegeink\/egeszsegcentrum\" target=\"\" rel=\"noopener noreferrer\"><img loading=\"lazy\" decoding=\"async\" class=\"alignnone size-medium wp-image-433\" title=\"Eg\u00e9szs\u00e9gcentrum\" src=\"http:\/\/alfarehab.hu\/alfarehabweb\/wp-content\/uploads\/2017\/05\/fejlecek_4-300x72.png\" alt=\"\" width=\"300\" height=\"72\" srcset=\"http:\/\/alfarehab.hu\/alfarehabweb\/wp-content\/uploads\/2017\/05\/fejlecek_4-300x72.png 300w, http:\/\/alfarehab.hu\/alfarehabweb\/wp-content\/uploads\/2017\/05\/fejlecek_4-148x35.png 148w, http:\/\/alfarehab.hu\/alfarehabweb\/wp-content\/uploads\/2017\/05\/fejlecek_4-31x7.png 31w, http:\/\/alfarehab.hu\/alfarehabweb\/wp-content\/uploads\/2017\/05\/fejlecek_4-38x9.png 38w, http:\/\/alfarehab.hu\/alfarehabweb\/wp-content\/uploads\/2017\/05\/fejlecek_4-425x101.png 425w, http:\/\/alfarehab.hu\/alfarehabweb\/wp-content\/uploads\/2017\/05\/fejlecek_4.png 591w\" sizes=\"auto, (max-width: 300px) 100vw, 300px\" \/><\/a><\/p>\n","protected":false},"excerpt":{"rendered":"","protected":false},"author":1,"featured_media":0,"parent":0,"menu_order":3,"comment_status":"closed","ping_status":"closed","template":"","meta":{"ngg_post_thumbnail":0,"footnotes":""},"class_list":["post-49","page","type-page","status-publish","hentry"],"_links":{"self":[{"href":"http:\/\/alfarehab.hu\/alfarehabweb\/wp-json\/wp\/v2\/pages\/49","targetHints":{"allow":["GET"]}}],"collection":[{"href":"http:\/\/alfarehab.hu\/alfarehabweb\/wp-json\/wp\/v2\/pages"}],"about":[{"href":"http:\/\/alfarehab.hu\/alfarehabweb\/wp-json\/wp\/v2\/types\/page"}],"author":[{"embeddable":true,"href":"http:\/\/alfarehab.hu\/alfarehabweb\/wp-json\/wp\/v2\/users\/1"}],"replies":[{"embeddable":true,"href":"http:\/\/alfarehab.hu\/alfarehabweb\/wp-json\/wp\/v2\/comments?post=49"}],"version-history":[{"count":9,"href":"http:\/\/alfarehab.hu\/alfarehabweb\/wp-json\/wp\/v2\/pages\/49\/revisions"}],"predecessor-version":[{"id":1348,"href":"http:\/\/alfarehab.hu\/alfarehabweb\/wp-json\/wp\/v2\/pages\/49\/revisions\/1348"}],"wp:attachment":[{"href":"http:\/\/alfarehab.hu\/alfarehabweb\/wp-json\/wp\/v2\/media?parent=49"}],"curies":[{"name":"wp","href":"https:\/\/api.w.org\/{rel}","templated":true}]}}